f3e7?
-65f3f4
In base 3, what is -21122221211120 + 1?
-21122221211112
In base 2, what is -10 - -100101100001111101010110?
100101100001111101010100
In base 11, what is -30 - -8541764?
8541734
In base 9, what is -178 - 855783?
-856072
In base 5, what is -2110 - 14311341?
-14314001
In base 8, what is -13555715 + 2?
-13555713
In base 16, what is -13 - -e091e?
e090b
In base 4, what is -11 + 1013022230320?
1013022230303
In base 13, what is -3b + 21482?
21444
In base 2, what is 10101111001001110 + 10010010100?
10110001011100010
In base 14, what is 138a412 - -7?
138a419
In base 15, what is 13e8eb + 0?
13e8eb
In base 15, what is -63a - 5b6?
-c01
In base 13, what is -3 - -1b98bb0?
1b98baa
In base 15, what is -40a3d3 + 3?
-40a3d0
In base 13, what is -347 - 4021c?
-40566
In base 10, what is 7544 - -6326?
13870
In base 14, what is -54 - -353135?
3530c1
In base 15, what is 222 - -2da1d?
2dc40
In base 2, what is -11101011101100011101010101 + 11?
-11101011101100011101010010
In base 4, what is -11122123102 - -3301?
-11122113201
In base 11, what is 44 - -2861288?
2861321
In base 11, what is 60348988 - 0?
60348988
In base 8, what is -6 - -3656762?
3656754
In base 8, what is -5 + 1147737121?
1147737114
In base 7, what is 344151 - -1?
344152
In base 14, what is 3a + -1bd260?
-1bd224
In base 12, what is 110087a9 - 4?
110087a5
In base 3, what is -11 - -100120101202020?
100120101202002
In base 10, what is 272 + -68847?
-68575
In base 3, what is -210111020202120 + 222?
-210111020201121
In base 9, what is 5 + 248202666?
248202672
In base 16, what is -5 + de7b8a?
de7b85
In base 15, what is 25d90e + -6?
25d908
In base 7, what is 434 + -243261?
-242524
In base 16, what is -194f - 379a?
-50e9
In base 16, what is 23c0c8 - f?
23c0b9
In base 12, what is 4339 - 7274?
-2b37
In base 2, what is -1000000101010010010 + 1000?
-1000000101010001010
In base 3, what is 10 + -101200101012202?
-101200101012122
In base 16, what is 3 + 15380c5?
15380c8
In base 4, what is 221310 - -120?
222030
In base 2, what is 101101 + 100010011110100110101110?
100010011110100111011011
In base 13, what is 2c + a8855c?
a8858b
In base 3, what is 12002020 + -1022111?
10202202
In base 10, what is -4930 + -19238?
-24168
In base 9, what is -1 - 667847520?
-667847521
In base 15, what is 37b6b7d - -4?
37b6b82
In base 3, what is 1210022211 - -121011020?
2101111001
In base 12, what is -5 + 119b734?
119b72b
In base 11, what is 3 + -5521049?
-5521046
In base 6, what is 3 - 3124355?
-3124352
In base 8, what is -1 - -166054554?
166054553
In base 9, what is -3204501 + 13?
-3204477
In base 16, what is -113b935 - 1?
-113b936
In base 5, what is -10 + -302341124?
-302341134
In base 4, what is 33230030313 + 203?
33230031122
In base 16, what is -8aa + 188?
-722
In base 11, what is -7a60322 - 3?
-7a60325
In base 4, what is 113223 - -111313?
231202
In base 4, what is 30002012331 + 220?
30002013211
In base 6, what is 11515131403 + 0?
11515131403
In base 5, what is -1232040413 - 300?
-1232041213
In base 9, what is -4543 + 1382?
-3151
In base 10, what is 199 + 137483?
137682
In base 8, what is -13 + -107216101?
-107216114
In base 12, what is -8a2 + 169b73?
169291
In base 16, what is 4f + -1c98?
-1c49
In base 4, what is -10 - -21200320320?
21200320310
In base 3, what is 1 + -200210011112110?
-200210011112102
In base 7, what is 1206652403 - -11?
1206652414
In base 14, what is -23c7c + -2?
-23c80
In base 16, what is -9da4 + -24a?
-9fee
In base 2, what is 10101001011 - -1000110111001111?
1001001100011010
In base 13, what is -6c140 + -612?
-6c752
In base 9, what is 480 - 36020?
-35430
In base 5, what is -302 + -103313040?
-103313342
In base 12, what is 0 - 512572?
-512572
In base 11, what is -161 - 45215?
-45376
In base 14, what is 7d + 8a060?
8a0dd
In base 10, what is -100154 - 218?
-100372
In base 6, what is 453213 + 41412?
535025
In base 14, what is 0 + 207833?
207833
In base 15, what is -8de08b + -14?
-8de0a0
In base 16, what is 1c + 45c08?
45c24
In base 12, what is -3 - -1350b9a1?
1350b99a
In base 15, what is -152ba9 - 6a?
-152c24
In base 11, what is -163a785 + 15?
-163a770
In base 10, what is -30 + -281345?
-281375
In base 6, what is 14 + -30531023?
-30531005
In base 7, what is 4560360 - 115?
4560242
In base 5, what is 3 - 421133142?
-421133134
In base 9, what is -143 + 3060822?
3060668
In base 15, what is -36ce94 - -2?
-36ce92
In base 9, what is 1605 - 16445?
-14740
In base 8, what is -22274635 + 7?
-22274626
In base 8, what is -30743230 + -4?
-30743234
In base 15, what is -103b9 - -199?
-10220
In base 9, what is 4683523 - -37?
4683561
In base 4, what is 0 + 10121103?
10121103
In base 3, what is -11102021201 - 20011?
-11102111212
In base 12, what is -2 - -33516092?
33516090
In base 12, what is 57362ab + 3?
57362b2
In base 11, what is -522190 + 658?
-521633
In base 6, what is -1140 - 5214241?
-5215421
In base 7, what is -5 + -32014201?
-32014206
In base 6, what is 150335030 + -411?
150334215
In base 7, what is -60202 - -50?
-60122
In base 13, what is -8 - 5b8797?
-5b87a2
In base 16, what is -4 + 868688?
868684
In base 12, what is -918 + 5998?
5080
In base 4, what is 1132100 - 3031232?
-1233132
In base 8, what is 73156 - -255?
73433
In base 5, what is -31344224231 - -10?
-31344224221
In base 6, what is 100200242 - -44?
100200330
In base 13, what is 7b7 - -287?
a71
In base 6, what is -322332135 + -4?
-322332143
In base 3, what is 11 + -221102001022?
-221102001011
In base 2, what is -10011010010110110110101 - 0?
-10011010010110110110101
In base 13, what is -10 + 39b912?
39b902
In base 4, what is 120221111 + -2322?
120212123
In base 10, what is 4 - -3957751?
3957755
In base 11, what is -73 - -578a8?
57835
In base 16, what is -304a - -5c?
-2fee
In base 8, what is 5046 + -42163?
-35115
In base 5, what is 20030 - -22420112?
22440142
In base 3, what is 2 + -11000002202011122?
-11000002202011120
In base 8, what is 256554156 - 2?
256554154
In base 6, what is 1 - 315031401?
-315031400
In base 7, what is -161 - 223056?
-223250
In base 6, what is -400 + -2005525?
-2010325
In base 9, what is 7356 + 35?
7402
In base 5, what is -2 - -404333303?
404333301
In base 6, what is -11112452 - -104?
-11112344
In base 15, what is d35 - -152e4?
16129
In base 7, what is 66613141 + 135?
66613306
In base 10, what is 13 + -434098?
-434085
In base 13, what is -1aa72 + 35?
-1aa3a
In base 12, what is 159067 - 0?
159067
In base 16, what is 5f - 114a3?
-11444
In base 6, what is 22320 - -11155?
33515
In base 11, what is 425a0 - 16?
42585
In base 5, what is -3243 + 1113032?
1104234
In base 7, what is 26535535 - -116?
26535654
In base 8, what is 4234 + 3641?
10075
In base 16, what is 38 - -4eadf?
4eb17
In base 16, what is -f + ce645?
ce636
In base 9, what is -3 + 11642585?
11642582
In base 16, what is 18e9 - aa91?
-91a8
In base 11, what is -1365a - 4706?
-18265
In base 3, what is -101010220 - 11002001?
-112012221
In base 7, what is -314002 + -123?
-314125
In base 14, what is -42a - 11258?
-11684
In base 13, what is -5393 - 52a1?
-a664
In base 10, what is 768058 - -5?
768063
In base 7, what is 11050333 + 1?
11050334
In base 5, what is 11021133341 - -10?
11021133401
In base 13, what is -648 + -12216c?
-1227b7
In base 14, what is 22dc515 + 5?
22dc51a
In base 9, what is 6818003 + 5?
6818008
In base 16, what is -36f - 77df?
-7b4e
In base 10, what is -28522991 - 1?
-28522992
In base 9, what is -673 - -1014?
231
In base 12, what is 3 + -2392521?
-239251a
In base 6, what is 2220121 - 253?
2215424
In base 15, what is -279b5dd1 - -2?
-279b5dce
In base 8, what is -4 - -11710033?
11710027
In base 2, what is 10010001010011100010 - 101011?
10010001010010110111
In base 13, what is 81199 - -139?
81305
In base 3, what is -10100011011 + -110210?
-10100121221
In base 16, what is 4 + -4195db5?
-4195db1
In base 3, what is 1 - 2101112100002?
-2101112100001
In base 12, what is 71828 + -41?
717a7
In base 13, what is -2 - 3261776b?
-32617770
In base 6, what is 204303424 - 4?
204303420
In base 4, what is 1303 - -2003202123?
2003210032
In base 4, what is 12 - 1323010312032?
-1323010312020
In base 8, what is 3531 + -12766?
-7235
In base 14, what is -65 - -1c8bc?
1c857
In base 16, what is 12ac1f + 18?
12ac37
In base 7, what is -13211536024 + -3?
-13211536030
In base 3, what is -22121002 - 202